(14 - -7))?
-67
0 + -2 + (29 - 21) - (-14 - -10)
10
Calculate (62 + 0 - 24) + -24.
14
What is (10 - -3) + 48 + -111 + 42?
-8
What is -29 + (-3 - 4) + (1 - -3) + (-50 - -55)?
-27
Calculate -10 + (14 - 4 - (13 + 16) - -9).
-20
Evaluate 40 + 0 + (-110 + 69 - -54).
53
Evaluate -1 + -47 + 21 + 20.
-7
What is the value of 15 - (13 + -6) - ((-4 - 8) + 107)?
-87
(121 - 81) + -31 - -4
13
35 - (-45 + 81 + 4)
-5
What is 38 - (16 + -62 + 59)?
25
Evaluate 9 + 9 - (-8 - (-1 - 84)).
-59
Evaluate 1 + -11 - (34 + -35 + 0 + 3 + 46).
-58
What is the value of -29 - (28 + -19 - 20) - -2 - (-9 + -1)?
-6
Calculate (-1 - -1) + -4 + (-21 - (3 - 26 - 38)).
36
Calculate 0 + (16 - (-2 + 18)) - (-2 + 6 + 38).
-42
-1 - 3 - ((377 - 329) + (2 - -2) + 2)
-58
Calculate 47 + 4 + -10 + 21 + -24.
38
What is -16 + -35 + 18 + (-3 - -14) + 31?
9
Calculate 135 - 185 - (-3 - 36).
-11
What is 5 - (-69 + (-61 - (-34 + 1)))?
102
Calculate 202 - 218 - (14 + -40).
10
-5 + 4 + 6 + 6 + -9 + (-9 - 40)
-47
Calculate -27 - -45 - (-4 - -3) - 12.
7
Calculate 2 - (16 - (12 + 19)).
17
Evaluate 35 - 29 - ((5 - 52) + 5 + (3 - 0)).
45
Evaluate 36 + -7 - 36 - (3 - (4 - 11)).
-17
What is the value of (-2 - -17) + (-19 - -3 - -29) + -19?
9
Calculate (-1 - (1 - -4) - (-130 + 112)) + (2 - 2).
12
What is the value of (-10 - (3 + 3 + -31)) + (8 - (-37 - 2))?
62
Calculate (0 - 0) + (-1 - 14 - (-16 - 15 - -29)).
-13
Evaluate 3 + -6 + (-9 - -3) - -3 - (-307 - -357).
-56
What is the value of 8 - 1 - (4 + (-11 - (-1 - 2 - 1)))?
10
What is the value of -2 - (-34 - 0) - (4 + 4 + -6 + -8)?
38
(-1350 - -1375) + -4 + 10 + -64
-33
What is the value of 0 - (5 - (-6 + (11 - 4))) - (10 + -13)?
-1
Calculate (-1 - 4) + (-12 + -1 - (-144 - -107)).
19
What is the value of 6 + -53 + 75 + -15 - (-1 + -49)?
63
What is the value of -11 + (-8 - 4) - 7?
-30
Calculate (-195 - -202 - (1 - (-6 + 3))) + -25.
-22
Evaluate 36 + -2 - (7 + (-14 - (-6 - 2)) + -4).
37
41 - (85 - 72) - -62
90
Evaluate (10 - -67) + 5 + -31.
51
What is the value of (2 - -51) + 21 + (-3 - 22) + 6 - -8?
63
What is the value of (1 - (1 + 4 - (31 + -14))) + 81?
94
What is -2 + 109 + -105 + 5 + 2 + (0 - 29)?
-20
Calculate -31 + 8 + -25 + 10 + 1.
-37
Calculate 4 + (-12 - ((-18 - -11) + 0 - -4)) + -14.
-19
Calculate (-120 + 9 - 58) + 87.
-82
Evaluate 44 - (4 - (-21 + -4 + 21 + 14)).
50
(8 - 22) + (34 - (20 + -5)) + -30
-25
What is 45739 - 45693 - (-2 + -3 - (-3 + 1))?
49
What is the value of -6 + -2 + 0 + (109 + -24 - 24)?
53
What is the value of -16 + 8 + 9 + -4 + -26 + 3?
-26
Evaluate 30 + (-36 - -15) - -9 - (-1 + -10).
29
What is (-7 - -2) + -67 + -58 + 115?
-15
Evaluate 2 + -245 - (-1403 + 1289).
-129
Calculate (-70 - -51) + (-6 - (-5 - 15)).
-5
Evaluate 24 + -94 - (60 + -81).
-49
What is the value of -92 + (18 - -30) + -21 + -1?
-66
What is 32 + 40 + -41 + (-7 - -28)?
52
(-173 - 113 - -138) + 222
74
Evaluate -4 + -13 + 6 - ((-5 - 33) + 5).
22
(-33 + (30 - 62) - -13) + (13 + 0 - 0)
-39
Calculate (-3 - (10 - 88) - (20 - 9)) + -4.
60
47 + -10 + (16 - (40 + -17))
30
Calculate -17 + 15 - 7 - (0 + -7 + (-75 - 4)).
77
Evaluate -6 + 15 + -85 + 23 + -27.
-80
What is (-28 + 78 - 31) + -38?
-19
Evaluate -28 - (-14 - (-46 - 19)).
-79
Calculate 31 - 6 - -39 - 31.
33
Calculate 16 + (-14 - (-16 + 17 + -65 + 15)).
51
What is the value of (-1 - 4) + (-23 + 79 - ((5 - 11) + 12))?
45
19 - 1 - (-20 + -31 + 34 - -22)
13
Evaluate 6 - (0 + 10) - (-24 + -28).
48
Evaluate -49 + 70 + -40 + 51.
32
Calculate -4 + (16 + -35 + 2 + 5 - -25).
9
-128 + (100 - 63 - -50)
-41
-50 + 0 + (-11 - -19 - 37 - -14)
-65
What is the value of (-2 - -142) + -1466 + 1388?
62
6 + 5 + (-8 - -5) + 4 - (-170 + 154)
28
What is 87 - (22 + -33 + 57)?
41
Evaluate 1159 + -1099 - (-12 + 9 + -8 + 2).
69
7 - 0 - ((16 - (22 - 16)) + 0)
-3
What is the value of -127 + (66 - (75 + 3) - (0 + 2) - -28)?
-113
1 - (18 + -12 - -5) - (-3 + -4 + -63)
60
What is the value of 13 - 39 - (14 + (-11 - -6)) - (9 + 3)?
-47
Calculate -238 + (-43 - -162) + 65.
-54
What is the value of 24 + 37 + -42 + (0 - 13)?
6
Calculate (141 - ((51 - 52) + -10 + 27)) + 9.
134
Evaluate 1 + 3 + 3 + (-8 - -3 - -40).
42
What is (-7 - 10 - 4) + -41 + (-2 - -9)?
-55
Evaluate (22 - -23) + 96 - 74.
67
What is -29 + (-336 + 368 - (-14 - -3))?
14
Calculate 1 - -2 - (72 + 28 + -104).
7
(-3 - -9) + (34 - 5 - (8 + -7 + 0))
34
(101 - 69) + (-12 - 0) + 18
38
What is 21 + -74 + -21 + (30 - (-19 + 43))?
-68
Calculate 31 + (244 - 224 - (6 - -37)).
8
(-57 - -51) + -2 + -3 - ((-25 - -13) + 106)
-105
22 + -31 + -49 + 29
-29
Calculate 0 - ((-19 - (-50 - -13)) + -10).
-8
What is 11 - (-4 + -1 - (27 - (-5 + -5)))?
53
What is the value of (22 - 17) + (-2 - 1) + -1 + 8 + -23?
-14
Evaluate -10 + (2 + 9 - (-10 - (-40 + 24))) - -62.
57
(238 - 310) + (-22 - 8)
-102
134 + 91 + -303 + 146
68
Evaluate (0 - -3) + (55 - (191 + -172)).
39
What is 15 + (-57 + 2 - (-53 + 55 + -10))?
-32
What is the value of -1 + -6 + (4 + (114 - (19 - -3)) - 18)?
71
Evaluate -160 - (-24 + -190 + 97).
-43
Calculate 2 - -9 - ((-77 - (-19 - -3)) + (-10 - 1)).
83
Evaluate 6 + (-11 - 0) + 6 + (40 - 64).
-23
-49 + (126 - 206) + 177
48
(20 - (-2 + 15)) + -56 + (-1 - -12) + -12
-50
Evaluate 13 - (96 + -14 + -35).
-34
6 + 24 + 45 + -30
45
What is the value of 83 + -169 + 76 + -55 + -4?
-69
Evaluate -7 + -8 + (-10 - 0) + (-1 - -12).
-14
7 - ((64 - -17) + -23) - 0
-51
Evaluate 7 - (7 + (18 - 9)).
-9
What is 40 + (-99 - 24) - -42?
-41
Calculate (4 - -39) + 345 + -367.
21
Calculate -26 + (7 - -14) - (-4 - (4 + 59 - -2)).
64
Evaluate (49 - 65) + 65 - (4 + (-10 - -5) + -10).
60
-12 + (9 - -2) - (-20 + 3) - 0
16
Evaluate -66 + 6 + -1 + 5 + 10 + -11.
-57
What is the value of 25 - 21 - (-175 + 202)?
-23
What is 1 + 10 + 0 + 2 + -69 + (23 - -54)?
21
What is 6 - 18 - (55 - 117 - (-4 + -11))?
35
Evaluate 421 + -397 - (-3 - 0) - 35.
-8
Calculate (-1 + 4 + 2 - (1 - 1)) + (-566 - -554).
-7
What is the value of (-16 - (-25 - -25) - 28) + 59?
15
Evaluate (14 + -2 + -19 - (-50 - 5)) + -1.
47
What is (1 - -52 - 2) + (34 - -53 - 90)?
48
What is the value of (-53 - -80) + 1 + -14 - (41 - 51)?
24
Calculate -19 + -51 + (82 - -73).
85
What is the value of 40 + -1 + 1916 + -1921 - 0?
34
Evaluate -32 + 32 + -18 + 16 + 53 + 0.
51
What is -260 + 191 - (24 + -82)?
-11
What is -4 - ((46 - 52 - (9 - -3)) + -14)?
28
What is the value of -7 + (-3 - 3) + -3 + 56?
40
Calculate 27 + -79 + 52 - (-14 - ((-6 - -2) + 2)).
12
0 - (18 + -16 + (-2 - -26)) - -13
-13
(-30 + -1 + 5 + 12 - -23) + -79
-70
Evaluate -2 - (-614 - -665 - (-2 + (0 + 0 - 1))).
-56
What is the value of (78 - (4 - 3 - -2)) + (47 - 38 - 12)?
72
What is 144 + -145 - (6 + 1 + 0)?
-8
Evaluate 2 + -7 + (7 - 11) + -21 - -10.
-20
13 + 1 + 7126 + -7152 + (1 - (-69 - 1))
59
Calculate (-1 + 0 - -10) + (357 + -555 - -144).
-45
What is the value of 0 + 71 + (3266 - 3295)?
42
Calculate 19 + 46 - (19 - 8 - -9 - 19).
64
What is the value of (275 + -168 - 92) + 0 + 12?
27
What is the value of -5 - 32 - (93 - 142)?
12
Calculate -185 - -10 - -182 - (29 - (0 + -2)).
-24
What is (1 - (-12 + 56)) + 55 + 0 + -50?
-38
Calculate -3 + (-9 - (10 - 3 - -4)) + (18 - 8).
-13
Calculate 0 + -2 - 4 - (6 - (-35 + 54)).
7
90 + -127 + -54 + 33
-58
What is the value of (910 - 756) + 2 + -24 + -2?
130
Evaluate (-2 - (-8 + -4) - -2) + (42 - -78) - -1.
133
What is the value of -16 - -54 - 52 - -15?
1
50 + (-54 - -24 - -7) - 7
20
Calculate -1530 - -1568 - (-3 + -2 + 26).
17
Evaluate -12 + -10 + (22 + -6 - 2) + -7 + 143.
128
-4 + 127 + -2602 + 2351
-128
Evaluate 38 + (-32 - (10 + -48)).
44
What is the value of -11 - (-2 + 1 + -1 + -262 + 260)?
-7
Evaluate 0 + 8 - (-91 + 19 + 38).
42
What is the value of 1 + (6 - 6) - 15 - (78 + -156)?
64
What is the value of (-25 - (-2 - (18 - 10))) + (17 - 4) + 5?
3
-5 + (-1 - -3) + 0 - (592 + -27 + -469)
-99
56 + 72 + -68 - -64
124
Calculate 0 - (-20 + 8 + -3 - (-1 - 4)).
10
Calculate -57 - -28 - 4 - (-3 - (-4 - 5)).
-39
What is the value of 22 - (-23 - (18 + -23)) - 9?
31
What is the value of (5 + 0 - (6 + 4 + 12)) + 10?
-7
What is 20 + -22 - (2 + -2 + -12) - (-27 - -1)?
36
Evaluate -5 + -5 + (46 - (-6 - 7)) + -10.
39
Evaluate 42 - ((-133 - -120) + 198).
-143
(25 - (0 + 14)) + 14 + -3
22
Evaluate -693 + 833 + -94 + 9.
55
Calculate (7 - (-8 + 4)) + -9 - -15 - 32.
-15
(6 + -16 + 14 - -10) + 